actor of 17652221 and 6202.
443
What is the greatest common factor of 31148790 and 240?
30
Calculate the highest common divisor of 25038391 and 91.
7
Calculate the highest common divisor of 32390 and 21934508.
6478
Calculate the highest common factor of 47 and 27031392.
47
What is the highest common factor of 352 and 57505184?
352
Calculate the highest common divisor of 76 and 7020044.
76
What is the greatest common divisor of 32 and 2922552704?
32
Calculate the highest common factor of 17710 and 9320.
10
Calculate the greatest common factor of 9 and 443663955.
9
What is the greatest common divisor of 2444308 and 3424?
428
What is the greatest common divisor of 2447635554 and 1638?
1638
What is the greatest common factor of 3427316 and 1213768?
3508
What is the greatest common divisor of 114062263 and 14?
7
What is the greatest common factor of 35720 and 3841780?
940
Calculate the highest common divisor of 38192310 and 1209.
1209
Calculate the highest common factor of 11310 and 803793.
87
What is the highest common divisor of 1461423656 and 1232?
616
What is the greatest common factor of 27827305 and 266?
19
What is the highest common divisor of 5362 and 55202?
14
What is the greatest common factor of 8559 and 21963?
3
What is the greatest common factor of 31731 and 8013?
3
What is the highest common divisor of 61159443 and 206?
103
What is the highest common divisor of 746938 and 246?
82
What is the greatest common divisor of 588 and 32821572?
588
Calculate the highest common factor of 9331 and 3180323.
43
Calculate the greatest common divisor of 4160 and 10482160.
1040
What is the greatest common divisor of 2916 and 91236?
12
What is the greatest common factor of 7163 and 3809476801?
7163
What is the greatest common divisor of 8560 and 964393140?
2140
What is the greatest common divisor of 1607994 and 433791?
1413
What is the highest common divisor of 10 and 6343730?
10
What is the highest common factor of 1071610 and 71087?
1061
What is the greatest common factor of 2201169 and 1104?
69
Calculate the highest common divisor of 82 and 911363498.
82
What is the greatest common factor of 281776687 and 113?
113
Calculate the greatest common factor of 14 and 61733.
7
Calculate the highest common factor of 26064 and 21962736.
144
What is the highest common factor of 5905 and 35?
5
Calculate the greatest common factor of 1615 and 24818.
1
Calculate the highest common factor of 144822017 and 206.
103
What is the highest common divisor of 48085 and 5361070?
815
What is the greatest common factor of 166 and 44498458?
166
Calculate the greatest common factor of 1713702 and 322558.
1802
Calculate the greatest common factor of 3 and 2040897.
3
Calculate the highest common divisor of 9190 and 158961268.
1838
Calculate the greatest common divisor of 54106 and 35822334.
4162
What is the greatest common divisor of 304 and 3929694?
38
Calculate the highest common divisor of 2707560 and 49032.
216
Calculate the highest common factor of 195 and 3049323.
3
Calculate the greatest common factor of 103360 and 60.
20
Calculate the highest common divisor of 46 and 548962298.
46
Calculate the greatest common factor of 59161 and 23249.
67
Calculate the greatest common divisor of 1626549289 and 223.
223
What is the highest common divisor of 12 and 18841012?
4
What is the highest common divisor of 594402 and 1060711?
631
Calculate the highest common factor of 3457021 and 1221.
37
Calculate the highest common factor of 758979014 and 62.
62
What is the greatest common factor of 21500 and 581360?
860
What is the highest common factor of 130339 and 22111628?
7667
What is the highest common divisor of 6460 and 7097245?
85
Calculate the greatest common divisor of 461 and 453163.
461
What is the highest common factor of 17 and 9713969?
1
What is the highest common factor of 882 and 17716832?
98
Calculate the highest common divisor of 14955775 and 902.
41
What is the highest common factor of 377187 and 7?
1
What is the greatest common divisor of 68926 and 231088?
286
Calculate the greatest common factor of 27456156 and 119.
119
What is the greatest common divisor of 95051810 and 21?
7
What is the highest common factor of 215 and 271338170?
215
What is the highest common divisor of 9897121 and 6643?
949
What is the greatest common factor of 485 and 22292540?
485
Calculate the greatest common factor of 10003200 and 279256.
4168
What is the greatest common divisor of 285856352 and 32?
32
Calculate the greatest common factor of 25690444 and 46748.
1612
What is the highest common factor of 1077199 and 305?
61
What is the highest common factor of 66782210 and 28886?
2222
What is the highest common divisor of 75582 and 746096?
442
Calculate the greatest common factor of 149910798 and 228.
114
Calculate the highest common factor of 78 and 65213538.
78
What is the highest common factor of 66882930 and 204?
102
Calculate the highest common factor of 7144 and 47996776.
376
What is the highest common factor of 871 and 3184441?
13
Calculate the highest common factor of 35 and 4680545.
5
What is the highest common factor of 225 and 3399025?
25
What is the highest common factor of 330 and 70622178?
66
What is the greatest common factor of 72454 and 6554956?
4262
Calculate the highest common factor of 6148 and 1997172.
116
Calculate the highest common divisor of 24 and 1305312.
24
What is the greatest common divisor of 236 and 11992400?
4
Calculate the highest common factor of 929582201 and 29482.
14741
Calculate the highest common factor of 203953433 and 31.
31
What is the greatest common factor of 24442 and 431002?
242
Calculate the highest common divisor of 317093169 and 6092.
1523
What is the greatest common factor of 257907 and 117?
39
What is the greatest common factor of 1266248 and 26560?
664
What is the greatest common factor of 132294 and 2817546?
102
Calculate the greatest common factor of 7000 and 14237125.
875
Calculate the highest common factor of 2448457 and 13.
1
Calculate the highest common divisor of 195097339 and 1748.
437
Calculate the greatest common factor of 34478956 and 89.
89
Calculate the highest common factor of 138 and 23222847.
69
Calculate the greatest common factor of 8270934 and 126.
42
What is the highest common divisor of 2605737 and 10065?
183
What is the highest common factor of 10343200 and 840?
280
Calculate the greatest common divisor of 3638 and 76399819.
1819
Calculate the greatest common divisor of 14165 and 5335.
5
Calculate the highest common factor of 33313669 and 1765.
353
What is the greatest common divisor of 19588 and 24308?
236
What is the greatest common factor of 16 and 748743936?
16
Calculate the highest common divisor of 22226470 and 3045.
1015
What is the highest common divisor of 3160 and 1739032?
8
What is the greatest common factor of 1548470 and 490?
70
What is the highest common factor of 148601344 and 2048?
512
What is the greatest common factor of 31620 and 100068?
372
What is the highest common factor of 8384928 and 3648?
1824
What is the highest common divisor of 337660270 and 80?
10
What is the greatest common divisor of 1131517 and 136907?
79
What is the greatest common divisor of 31409005 and 3175?
635
What is the highest common divisor of 918 and 127849401?
459
Calculate the greatest common factor of 184 and 717016.
8
What is the greatest common divisor of 13 and 31690763?
13
What is the greatest common divisor of 764144 and 110168?
2344
Calculate the greatest common divisor of 13092531 and 3.
3
Calculate the highest common factor of 325750 and 720.
10
What is the greatest common factor of 85946 and 213738?
98
What is the highest common divisor of 4336 and 18546427?
271
What is the highest common divisor of 162945 and 355725?
2295
What is the greatest common factor of 1653249 and 507?
39
Calculate the highest common divisor of 1309936 and 95632.
2224
What is the highest common divisor of 10126546 and 334?
334
What is the greatest common factor of 21010242 and 198?
66
Calculate the highest common factor of 42675 and 60825.
75
Calculate the highest common factor of 2425086 and 216.
54
Calculate the greatest common divisor of 283449 and 243.
3
Calculate the greatest common divisor of 471537 and 123742740.
14289
What is the hi